{"id":3504,"date":"2023-11-23T10:04:00","date_gmt":"2023-11-23T09:04:00","guid":{"rendered":"https:\/\/www.camping-keranterec.com\/hebergement\/cottage-classic-comfort\/"},"modified":"2026-01-28T12:26:38","modified_gmt":"2026-01-28T11:26:38","slug":"cottage-classic-comfort","status":"publish","type":"hebergement","link":"https:\/\/www.camping-keranterec.com\/es\/hebergement\/cottage-classic-comfort\/","title":{"rendered":"Le Classique Confort"},"content":{"rendered":"\n<div class=\"is-layout-constrained wp-block-group\">\n<p>Encantador mobil-home de 30 m\u00b2, reciente y despejado de la GAMA COMFORT, ideal para unas vacaciones confortables.<br\/>El dormitorio principal tiene una cama de 140\u00d7190. El otro dormitorio tiene dos camas individuales de 80\u00d7190. Hay un cuarto de ducha y un WC separados.<br\/>La cocina del sal\u00f3n es pr\u00e1ctica y funcional, con frigor\u00edfico, placa de gas, microondas, cafetera y televisi\u00f3n. En el exterior, encontrar\u00e1 una amplia terraza con barbacoa de carb\u00f3n y muebles de jard\u00edn para compartir con la familia y los amigos.<\/p>\n\n\n\n<div class=\"is-layout-flex wp-block-buttons\">\n<div class=\"wp-block-button fancybox\"><a class=\"wp-block-button__link wp-element-button\" href=\"https:\/\/www.camping-keranterec.com\/wp-content\/uploads\/2023\/09\/cottage-2-classique-plan.jpg\">Ver el plan<\/a><\/div>\n\n\n\n<div class=\"wp-block-button fc-style-1\"><a class=\"wp-block-button__link wp-element-button\" href=\"https:\/\/www.camping-keranterec.com\/wp-content\/uploads\/2023\/09\/cottage-le-classique-1.pdf\" target=\"_blank\" rel=\"noreferrer noopener\">Ver el inventario<\/a><\/div>\n<\/div>\n<\/div>\n","protected":false},"template":"","acf":[],"_links":{"self":[{"href":"https:\/\/www.camping-keranterec.com\/es\/wp-json\/wp\/v2\/hebergement\/3504"}],"collection":[{"href":"https:\/\/www.camping-keranterec.com\/es\/wp-json\/wp\/v2\/hebergement"}],"about":[{"href":"https:\/\/www.camping-keranterec.com\/es\/wp-json\/wp\/v2\/types\/hebergement"}],"version-history":[{"count":3,"href":"https:\/\/www.camping-keranterec.com\/es\/wp-json\/wp\/v2\/hebergement\/3504\/revisions"}],"predecessor-version":[{"id":5654,"href":"https:\/\/www.camping-keranterec.com\/es\/wp-json\/wp\/v2\/hebergement\/3504\/revisions\/5654"}],"wp:attachment":[{"href":"https:\/\/www.camping-keranterec.com\/es\/wp-json\/wp\/v2\/media?parent=3504"}],"curies":[{"name":"wp","href":"https:\/\/api.w.org\/{rel}","templated":true}]}}

<div class="is-layout-constrained wp-block-group">
<p>Encantador mobil-home de 30 m², reciente y despejado de la GAMA COMFORT, ideal para unas vacaciones confortables.<br/>El dormitorio principal tiene una cama de 140×190. El otro dormitorio tiene dos camas individuales de 80×190. Hay un cuarto de ducha y un WC separados.<br/>La cocina del salón es práctica y funcional, con frigorífico, placa de gas, microondas, cafetera y televisión. En el exterior, encontrará una amplia terraza con barbacoa de carbón y muebles de jardín para compartir con la familia y los amigos.</p>



<div class="is-layout-flex wp-block-buttons">
<div class="wp-block-button fancybox"><a class="wp-block-button__link wp-element-button" href="https://www.camping-keranterec.com/wp-content/uploads/2023/09/cottage-2-classique-plan.jpg">Ver el plan</a></div>



<div class="wp-block-button fc-style-1"><a class="wp-block-button__link wp-element-button" href="https://www.camping-keranterec.com/wp-content/uploads/2023/09/cottage-le-classique-1.pdf" target="_blank" rel="noreferrer noopener">Ver el inventario</a></div>
</div>
</div>
