{"id":3399,"date":"2023-11-23T10:03:42","date_gmt":"2023-11-23T09:03:42","guid":{"rendered":"https:\/\/www.camping-keranterec.com\/hebergement\/cottage-six-confort\/"},"modified":"2026-01-28T12:20:51","modified_gmt":"2026-01-28T11:20:51","slug":"cottage-six-confort","status":"publish","type":"hebergement","link":"https:\/\/www.camping-keranterec.com\/es\/hebergement\/cottage-six-confort\/","title":{"rendered":"Le Six Confort"},"content":{"rendered":"\n<div class=\"is-layout-flow wp-block-group\">\n<p>Le encantar\u00e1n los generosos vol\u00famenes de la caba\u00f1a Le Six. GAMA COMODIDAD.<br\/>Hay tres dormitorios de 32 m\u00b2.<br\/>Uno tiene una cama de 140&#215;190 y los otros dos tienen dos camas individuales de 80&#215;190.<br\/>El cuarto de ba\u00f1o tiene ducha y lavabo.<br\/>WC separado.<br\/>Un amplio sal\u00f3n con televisi\u00f3n da a una gran terraza de madera con muebles de jard\u00edn y barbacoa de carb\u00f3n.<\/p>\n\n\n\n<div class=\"is-layout-flex wp-block-buttons\">\n<div class=\"wp-block-button fancybox\"><a class=\"wp-block-button__link wp-element-button\" href=\"https:\/\/www.camping-keranterec.com\/wp-content\/uploads\/2023\/11\/vacances-tamaris-19-01-implantation-noir-1024x522-1.png\">Ver el plan<\/a><\/div>\n<\/div>\n<\/div>\n","protected":false},"template":"","acf":[],"_links":{"self":[{"href":"https:\/\/www.camping-keranterec.com\/es\/wp-json\/wp\/v2\/hebergement\/3399"}],"collection":[{"href":"https:\/\/www.camping-keranterec.com\/es\/wp-json\/wp\/v2\/hebergement"}],"about":[{"href":"https:\/\/www.camping-keranterec.com\/es\/wp-json\/wp\/v2\/types\/hebergement"}],"version-history":[{"count":5,"href":"https:\/\/www.camping-keranterec.com\/es\/wp-json\/wp\/v2\/hebergement\/3399\/revisions"}],"predecessor-version":[{"id":5639,"href":"https:\/\/www.camping-keranterec.com\/es\/wp-json\/wp\/v2\/hebergement\/3399\/revisions\/5639"}],"wp:attachment":[{"href":"https:\/\/www.camping-keranterec.com\/es\/wp-json\/wp\/v2\/media?parent=3399"}],"curies":[{"name":"wp","href":"https:\/\/api.w.org\/{rel}","templated":true}]}}

<div class="is-layout-flow wp-block-group">
<p>Le encantarán los generosos volúmenes de la cabaña Le Six. GAMA COMODIDAD.<br/>Hay tres dormitorios de 32 m².<br/>Uno tiene una cama de 140&#215;190 y los otros dos tienen dos camas individuales de 80&#215;190.<br/>El cuarto de baño tiene ducha y lavabo.<br/>WC separado.<br/>Un amplio salón con televisión da a una gran terraza de madera con muebles de jardín y barbacoa de carbón.</p>



<div class="is-layout-flex wp-block-buttons">
<div class="wp-block-button fancybox"><a class="wp-block-button__link wp-element-button" href="https://www.camping-keranterec.com/wp-content/uploads/2023/11/vacances-tamaris-19-01-implantation-noir-1024x522-1.png">Ver el plan</a></div>
</div>
</div>
