{"id":3346,"date":"2023-11-23T10:03:26","date_gmt":"2023-11-23T09:03:26","guid":{"rendered":"https:\/\/www.camping-keranterec.com\/hebergement\/casa-rural-pmr\/"},"modified":"2026-01-28T12:14:57","modified_gmt":"2026-01-28T11:14:57","slug":"casa-rural-pmr","status":"publish","type":"hebergement","link":"https:\/\/www.camping-keranterec.com\/es\/hebergement\/casa-rural-pmr\/","title":{"rendered":"Le PMR"},"content":{"rendered":"\n<div class=\"is-layout-flow wp-block-group\">\n<p>Casa m\u00f3vil ultra espaciosa de 2 dormitorios con acceso completo para minusv\u00e1lidos. Con una superficie de 40 m\u00b2. Con una terraza semicubierta de 18 m\u00b2 con vistas al paisaje, su habitaci\u00f3n principal y la habitaci\u00f3n infantil tambi\u00e9n est\u00e1n adaptadas.<br\/>El cuarto de ba\u00f1o cuenta con una barra de apoyo y un asiento de ducha.<br\/>Esta casa rural es ideal para unas vacaciones tranquilas.<br\/>Cocina equipada con frigor\u00edfico, fogones de gas, microondas, cafetera y televisi\u00f3n.<br\/>La terraza exterior cuenta con una barbacoa de carb\u00f3n y muebles de jard\u00edn.<\/p>\n\n\n\n<div class=\"is-layout-flex wp-block-buttons\">\n<div class=\"wp-block-button fancybox\"><a class=\"wp-block-button__link wp-element-button\" href=\"https:\/\/www.camping-keranterec.com\/wp-content\/uploads\/2023\/11\/pmr-20-1300-implantation-1000x707-1.jpg\">Ver el plan<\/a><\/div>\n<\/div>\n<\/div>\n","protected":false},"template":"","acf":[],"_links":{"self":[{"href":"https:\/\/www.camping-keranterec.com\/es\/wp-json\/wp\/v2\/hebergement\/3346"}],"collection":[{"href":"https:\/\/www.camping-keranterec.com\/es\/wp-json\/wp\/v2\/hebergement"}],"about":[{"href":"https:\/\/www.camping-keranterec.com\/es\/wp-json\/wp\/v2\/types\/hebergement"}],"version-history":[{"count":4,"href":"https:\/\/www.camping-keranterec.com\/es\/wp-json\/wp\/v2\/hebergement\/3346\/revisions"}],"predecessor-version":[{"id":5625,"href":"https:\/\/www.camping-keranterec.com\/es\/wp-json\/wp\/v2\/hebergement\/3346\/revisions\/5625"}],"wp:attachment":[{"href":"https:\/\/www.camping-keranterec.com\/es\/wp-json\/wp\/v2\/media?parent=3346"}],"curies":[{"name":"wp","href":"https:\/\/api.w.org\/{rel}","templated":true}]}}

<div class="is-layout-flow wp-block-group">
<p>Casa móvil ultra espaciosa de 2 dormitorios con acceso completo para minusválidos. Con una superficie de 40 m². Con una terraza semicubierta de 18 m² con vistas al paisaje, su habitación principal y la habitación infantil también están adaptadas.<br/>El cuarto de baño cuenta con una barra de apoyo y un asiento de ducha.<br/>Esta casa rural es ideal para unas vacaciones tranquilas.<br/>Cocina equipada con frigorífico, fogones de gas, microondas, cafetera y televisión.<br/>La terraza exterior cuenta con una barbacoa de carbón y muebles de jardín.</p>



<div class="is-layout-flex wp-block-buttons">
<div class="wp-block-button fancybox"><a class="wp-block-button__link wp-element-button" href="https://www.camping-keranterec.com/wp-content/uploads/2023/11/pmr-20-1300-implantation-1000x707-1.jpg">Ver el plan</a></div>
</div>
</div>
