{"id":2843,"date":"2023-11-22T09:01:06","date_gmt":"2023-11-22T08:01:06","guid":{"rendered":"https:\/\/www.camping-keranterec.com\/alentours\/larchipel-iles-glenan\/"},"modified":"2023-12-07T15:53:22","modified_gmt":"2023-12-07T14:53:22","slug":"larchipel-iles-glenan","status":"publish","type":"alentours","link":"https:\/\/www.camping-keranterec.com\/es\/alentours\/larchipel-iles-glenan\/","title":{"rendered":"Archipi\u00e9lago de Gl\u00e9nan"},"content":{"rendered":"\n<div class=\"is-layout-constrained wp-block-group\">\n<h2>Las islas Gl\u00e9nan: un remanso de paz en Breta\u00f1a<\/h2>\n\n\n\n<p>\u00abLas tradiciones incluso nos dicen que los nueve islotes del Gl\u00e9nan fueron una vez\nuna isla considerable: su destrucci\u00f3n por las olas del mar es una obra de arte.\nevento geol\u00f3gico que los nativos habr\u00edan presenciado. \u00ab\u00c9lis\u00e9e Reclus\u00b9<\/p>\n\n\n\n<p>El<strong>archipi\u00e9lago de Gl\u00e9nan<\/strong>, frente a la costa de Fouesnantais, en el <strong>sur del Finisterre<\/strong>, con su cadena de islotes, es un espect\u00e1culo encantador. Es un remanso de paz ba\u00f1ado por el sol en medio del oc\u00e9ano. <strong>Las islas Gl\u00e9nan<\/strong> se encuentran a casi veinte kil\u00f3metros de la costa de <a href=\"https:\/\/www.camping-keranterec.com\/es\/alentours\/concarneau\/\" data-type=\"alentours\" data-id=\"835\">Concarneau<\/a>. Las islas principales son Bananec, Cigogne, Le Drennec, Giautec, Guiriden, Loc&#8217;h, Penfret, Quign\u00e9nec y Saint Nicolas. Dispuestas en c\u00edrculo, delimitan una especie de peque\u00f1o mar interior, conocido como \u00abLa Habitaci\u00f3n\u00bb. En verano, a menudo adquiere <strong>los colores turquesas de una laguna<\/strong> tropical, e incluso las playas tienen un sabor ex\u00f3tico. Rodeadas de aguas turquesas transparentes, las arenas blancas recuerdan las costas de los mares del Sur. Esta blancura se debe a una elevada proporci\u00f3n de maerl, un dep\u00f3sito calc\u00e1reo formado por grava fina y restos de algas.  <\/p>\n\n\n\n<p>Es el lugar ideal para <strong>los amantes de la vela en el Sur de Finisterre<\/strong> y para los buceadores aficionados, gracias a las escuelas de vela situadas en las islas de Fort cigogne y Saint-Nicolas. Un peque\u00f1o para\u00edso a una hora del mar, un verdadero cambio de aires a dos pasos del sur de Finisterre.<\/p>\n\n\n\n<figure class=\"is-layout-flex wp-block-gallery-1 wp-block-gallery has-nested-images columns-4 is-cropped fc-diapo fc-auto\">\n<figure class=\"wp-block-image size-full fc-auto\"><a href=\"https:\/\/www.camping-keranterec.com\/wp-content\/uploads\/2023\/10\/seascape-4472702_640.jpg\"><img alt=\"\" decoding=\"async\" loading=\"lazy\" width=\"640\" height=\"426\" src=\"https:\/\/www.camping-keranterec.com\/wp-content\/uploads\/2023\/10\/seascape-4472702_640.jpg\" alt=\"\" class=\"wp-image-3653\" srcset=\"https:\/\/www.camping-keranterec.com\/wp-content\/uploads\/2023\/10\/seascape-4472702_640.jpg 640w, https:\/\/www.camping-keranterec.com\/wp-content\/uploads\/2023\/10\/seascape-4472702_640-300x200.jpg 300w\" sizes=\"(max-width: 640px) 100vw, 640px\" \/><\/a><\/figure>\n\n\n\n<figure class=\"wp-block-image size-full fc-auto\"><a href=\"https:\/\/www.camping-keranterec.com\/wp-content\/uploads\/2023\/11\/48612205036_c8cc745fe5_c.jpg\"><img alt=\"\" decoding=\"async\" loading=\"lazy\" width=\"799\" height=\"533\" src=\"https:\/\/www.camping-keranterec.com\/wp-content\/uploads\/2023\/11\/48612205036_c8cc745fe5_c.jpg\" alt=\"\" class=\"wp-image-3709\" srcset=\"https:\/\/www.camping-keranterec.com\/wp-content\/uploads\/2023\/11\/48612205036_c8cc745fe5_c.jpg 799w, https:\/\/www.camping-keranterec.com\/wp-content\/uploads\/2023\/11\/48612205036_c8cc745fe5_c-300x200.jpg 300w, https:\/\/www.camping-keranterec.com\/wp-content\/uploads\/2023\/11\/48612205036_c8cc745fe5_c-768x512.jpg 768w\" sizes=\"(max-width: 799px) 100vw, 799px\" \/><\/a><\/figure>\n\n\n\n<figure class=\"wp-block-image size-full fc-auto\"><a href=\"https:\/\/www.camping-keranterec.com\/wp-content\/uploads\/2023\/11\/265268453_e168d3694b_c.jpg\"><img alt=\"\" decoding=\"async\" loading=\"lazy\" width=\"800\" height=\"533\" src=\"https:\/\/www.camping-keranterec.com\/wp-content\/uploads\/2023\/11\/265268453_e168d3694b_c.jpg\" alt=\"\" class=\"wp-image-3769\" srcset=\"https:\/\/www.camping-keranterec.com\/wp-content\/uploads\/2023\/11\/265268453_e168d3694b_c.jpg 800w, https:\/\/www.camping-keranterec.com\/wp-content\/uploads\/2023\/11\/265268453_e168d3694b_c-300x200.jpg 300w, https:\/\/www.camping-keranterec.com\/wp-content\/uploads\/2023\/11\/265268453_e168d3694b_c-768x512.jpg 768w\" sizes=\"(max-width: 800px) 100vw, 800px\" \/><\/a><\/figure>\n<\/figure>\n\n\n\n<h2>Un lugar protegido en el sur del Finisterre<\/h2>\n\n\n\n<p>En 2004, las islas fueron clasificadas como lugar Natura 2000 por albergar un gran n\u00famero de h\u00e1bitats naturales y especies de plantas y aves amenazadas de extinci\u00f3n en Europa. En 2007, el per\u00edmetro inicial del espacio Natura 2000 se ampli\u00f3 mar adentro, con el fin de proteger las aves y los mam\u00edferos marinos, as\u00ed como los fondos marinos incre\u00edblemente ricos que rodean las islas. En la actualidad, <strong>el espacio Natura 2000 del archipi\u00e9lago de Gl\u00e9nan<\/strong> abarca casi 500 km2 de espacio mar\u00edtimo e insular, desde el litoral de Fouesnant hasta unos 15 kil\u00f3metros al sur de las islas. El lugar alberga unas 140 especies de aves, 71 de las cuales son especies Natura 2000 protegidas en Europa. Algunas de estas especies est\u00e1n presentes todo el a\u00f1o. Otras especies, migratorias, s\u00f3lo frecuentan la zona durante una parte del a\u00f1o.  <\/p>\n\n\n\n<p>Todos ellos encuentran en el <strong>archipi\u00e9lago de Gl\u00e9nan y la zona mar\u00edtima<\/strong> circundante un remanso de paz en el que alimentarse, descansar o reproducirse. Las islas tambi\u00e9n son famosas por el narciso de Gl\u00e9nan, una planta end\u00e9mica identificada en 1803 y presente entonces en todo el archipi\u00e9lago. Esta subespecie ha seguido disminuyendo a medida que las islas se han ido abandonando para dedicarse a la agricultura: este narciso crece sobre hierba corta y el abandono de la ganader\u00eda ha propiciado la aparici\u00f3n de p\u00e1ramos de matorral. En 1924 hab\u00eda desaparecido casi por completo. En 1974, por iniciativa de la Soci\u00e9t\u00e9 Bretagne vivante pour l&#8217;\u00e9tude et la protection de la nature en Bretagne (Sociedad Breta\u00f1a viva para el estudio y la protecci\u00f3n de la naturaleza en Breta\u00f1a), parte de la <strong>isla de Saint-Nicolas se clasific\u00f3 como reserva natural<\/strong> y se prohibi\u00f3 el acceso a ella mediante una valla. El archipi\u00e9lago actual est\u00e1 muy fragmentado, tanto que su superficie es dif\u00edcil de calcular, y las cartas n\u00e1uticas locales no llegan a cartografiar todos los arrecifes del lugar. Durante las mareas altas, la \u00abChambre\u00bb se puede recorrer a pie y se convierte en un para\u00edso para los<strong> pescadores<\/strong>, que recogen abulones, almejas y otros mariscos.<\/p>\n\n\n\n<h3>Excursi\u00f3n a las islas Gl\u00e9nans desde el camping K\u00e9rant\u00e9rec<\/h3>\n\n\n\n<p>Desde el embarcadero de <strong>Port la <\/strong>For\u00eat, a dos pasos de nuestro <strong>camping de La For\u00eat Fouesnant<\/strong>, parten transbordadores diarios hacia las islas Gl\u00e9nan, operados por la <a href=\"https:\/\/www.camping-keranterec.com\/es\/alentours\/vedettes-de-lodet-benodet\/\" data-type=\"alentours\" data-id=\"851\">compa\u00f1\u00eda Vedettes de l&#8217;Odet<\/a>. Suba a bordo del Glenn, Rivage, Capitaine N\u00e9mo o Aigrette para pasar un d\u00eda de ensue\u00f1o en el archipi\u00e9lago. El camping K\u00e9rant\u00e9rec ofrece una serie de paquetes que se pueden reservar en recepci\u00f3n.<\/p>\n\n\n\n<p><em>\u00b9 \u00c9lis\u00e9e Reclus, cuyo nombre completo era Jacques \u00c9lis\u00e9e Reclus, fue un ge\u00f3grafo libertario. Naci\u00f3 en Sainte-Foy-la-Grande (Gironda) el 15 de marzo de 1830 y muri\u00f3 en Thourout (B\u00e9lgica) el 4 de julio de 1905.<\/em><\/p>\n<\/div>\n","protected":false},"template":"","meta":{"_seopress_robots_primary_cat":"","_seopress_titles_title":"","_seopress_titles_desc":"","_seopress_robots_index":""},"acf":[],"_links":{"self":[{"href":"https:\/\/www.camping-keranterec.com\/es\/wp-json\/wp\/v2\/alentours\/2843"}],"collection":[{"href":"https:\/\/www.camping-keranterec.com\/es\/wp-json\/wp\/v2\/alentours"}],"about":[{"href":"https:\/\/www.camping-keranterec.com\/es\/wp-json\/wp\/v2\/types\/alentours"}],"wp:attachment":[{"href":"https:\/\/www.camping-keranterec.com\/es\/wp-json\/wp\/v2\/media?parent=2843"}],"curies":[{"name":"wp","href":"https:\/\/api.w.org\/{rel}","templated":true}]}}

Archipiélago de Glénan

<div class="is-layout-constrained wp-block-group">
<h2>Las islas Glénan: un remanso de paz en Bretaña</h2>



<p>«Las tradiciones incluso nos dicen que los nueve islotes del Glénan fueron una vez
una isla considerable: su destrucción por las olas del mar es una obra de arte.
evento geológico que los nativos habrían presenciado. «Élisée Reclus¹</p>



<p>El<strong>archipiélago de Glénan</strong>, frente a la costa de Fouesnantais, en el <strong>sur del Finisterre</strong>, con su cadena de islotes, es un espectáculo encantador. Es un remanso de paz bañado por el sol en medio del océano. <strong>Las islas Glénan</strong> se encuentran a casi veinte kilómetros de la costa de <a href="https://www.camping-keranterec.com/es/alentours/concarneau/" data-type="alentours" data-id="835">Concarneau</a>. Las islas principales son Bananec, Cigogne, Le Drennec, Giautec, Guiriden, Loc&#8217;h, Penfret, Quignénec y Saint Nicolas. Dispuestas en círculo, delimitan una especie de pequeño mar interior, conocido como «La Habitación». En verano, a menudo adquiere <strong>los colores turquesas de una laguna</strong> tropical, e incluso las playas tienen un sabor exótico. Rodeadas de aguas turquesas transparentes, las arenas blancas recuerdan las costas de los mares del Sur. Esta blancura se debe a una elevada proporción de maerl, un depósito calcáreo formado por grava fina y restos de algas.  </p>



<p>Es el lugar ideal para <strong>los amantes de la vela en el Sur de Finisterre</strong> y para los buceadores aficionados, gracias a las escuelas de vela situadas en las islas de Fort cigogne y Saint-Nicolas. Un pequeño paraíso a una hora del mar, un verdadero cambio de aires a dos pasos del sur de Finisterre.</p>



<figure class="is-layout-flex wp-block-gallery-1 wp-block-gallery has-nested-images columns-4 is-cropped fc-diapo fc-auto">
<figure class="wp-block-image size-full fc-auto"><a href="https://www.camping-keranterec.com/wp-content/uploads/2023/10/seascape-4472702_640.jpg"><img alt="" decoding="async" loading="lazy" width="640" height="426" src="https://www.camping-keranterec.com/wp-content/uploads/2023/10/seascape-4472702_640.jpg" alt="" class="wp-image-3653" srcset="https://www.camping-keranterec.com/wp-content/uploads/2023/10/seascape-4472702_640.jpg 640w, https://www.camping-keranterec.com/wp-content/uploads/2023/10/seascape-4472702_640-300x200.jpg 300w" sizes="(max-width: 640px) 100vw, 640px" /></a></figure>



<figure class="wp-block-image size-full fc-auto"><a href="https://www.camping-keranterec.com/wp-content/uploads/2023/11/48612205036_c8cc745fe5_c.jpg"><img alt="" decoding="async" loading="lazy" width="799" height="533" src="https://www.camping-keranterec.com/wp-content/uploads/2023/11/48612205036_c8cc745fe5_c.jpg" alt="" class="wp-image-3709" srcset="https://www.camping-keranterec.com/wp-content/uploads/2023/11/48612205036_c8cc745fe5_c.jpg 799w, https://www.camping-keranterec.com/wp-content/uploads/2023/11/48612205036_c8cc745fe5_c-300x200.jpg 300w, https://www.camping-keranterec.com/wp-content/uploads/2023/11/48612205036_c8cc745fe5_c-768x512.jpg 768w" sizes="(max-width: 799px) 100vw, 799px" /></a></figure>



<figure class="wp-block-image size-full fc-auto"><a href="https://www.camping-keranterec.com/wp-content/uploads/2023/11/265268453_e168d3694b_c.jpg"><img alt="" decoding="async" loading="lazy" width="800" height="533" src="https://www.camping-keranterec.com/wp-content/uploads/2023/11/265268453_e168d3694b_c.jpg" alt="" class="wp-image-3769" srcset="https://www.camping-keranterec.com/wp-content/uploads/2023/11/265268453_e168d3694b_c.jpg 800w, https://www.camping-keranterec.com/wp-content/uploads/2023/11/265268453_e168d3694b_c-300x200.jpg 300w, https://www.camping-keranterec.com/wp-content/uploads/2023/11/265268453_e168d3694b_c-768x512.jpg 768w" sizes="(max-width: 800px) 100vw, 800px" /></a></figure>
</figure>



<h2>Un lugar protegido en el sur del Finisterre</h2>



<p>En 2004, las islas fueron clasificadas como lugar Natura 2000 por albergar un gran número de hábitats naturales y especies de plantas y aves amenazadas de extinción en Europa. En 2007, el perímetro inicial del espacio Natura 2000 se amplió mar adentro, con el fin de proteger las aves y los mamíferos marinos, así como los fondos marinos increíblemente ricos que rodean las islas. En la actualidad, <strong>el espacio Natura 2000 del archipiélago de Glénan</strong> abarca casi 500 km2 de espacio marítimo e insular, desde el litoral de Fouesnant hasta unos 15 kilómetros al sur de las islas. El lugar alberga unas 140 especies de aves, 71 de las cuales son especies Natura 2000 protegidas en Europa. Algunas de estas especies están presentes todo el año. Otras especies, migratorias, sólo frecuentan la zona durante una parte del año.  </p>



<p>Todos ellos encuentran en el <strong>archipiélago de Glénan y la zona marítima</strong> circundante un remanso de paz en el que alimentarse, descansar o reproducirse. Las islas también son famosas por el narciso de Glénan, una planta endémica identificada en 1803 y presente entonces en todo el archipiélago. Esta subespecie ha seguido disminuyendo a medida que las islas se han ido abandonando para dedicarse a la agricultura: este narciso crece sobre hierba corta y el abandono de la ganadería ha propiciado la aparición de páramos de matorral. En 1924 había desaparecido casi por completo. En 1974, por iniciativa de la Société Bretagne vivante pour l&#8217;étude et la protection de la nature en Bretagne (Sociedad Bretaña viva para el estudio y la protección de la naturaleza en Bretaña), parte de la <strong>isla de Saint-Nicolas se clasificó como reserva natural</strong> y se prohibió el acceso a ella mediante una valla. El archipiélago actual está muy fragmentado, tanto que su superficie es difícil de calcular, y las cartas náuticas locales no llegan a cartografiar todos los arrecifes del lugar. Durante las mareas altas, la «Chambre» se puede recorrer a pie y se convierte en un paraíso para los<strong> pescadores</strong>, que recogen abulones, almejas y otros mariscos.</p>



<h3>Excursión a las islas Glénans desde el camping Kérantérec</h3>



<p>Desde el embarcadero de <strong>Port la </strong>Forêt, a dos pasos de nuestro <strong>camping de La Forêt Fouesnant</strong>, parten transbordadores diarios hacia las islas Glénan, operados por la <a href="https://www.camping-keranterec.com/es/alentours/vedettes-de-lodet-benodet/" data-type="alentours" data-id="851">compañía Vedettes de l&#8217;Odet</a>. Suba a bordo del Glenn, Rivage, Capitaine Némo o Aigrette para pasar un día de ensueño en el archipiélago. El camping Kérantérec ofrece una serie de paquetes que se pueden reservar en recepción.</p>



<p><em>¹ Élisée Reclus, cuyo nombre completo era Jacques Élisée Reclus, fue un geógrafo libertario. Nació en Sainte-Foy-la-Grande (Gironda) el 15 de marzo de 1830 y murió en Thourout (Bélgica) el 4 de julio de 1905.</em></p>
</div>
