{"id":3515,"date":"2023-11-23T10:04:01","date_gmt":"2023-11-23T09:04:01","guid":{"rendered":"https:\/\/www.camping-keranterec.com\/hebergement\/cottage-klassisch-komfortabel\/"},"modified":"2026-01-28T12:26:38","modified_gmt":"2026-01-28T11:26:38","slug":"cottage-klassisch-komfortabel","status":"publish","type":"hebergement","link":"https:\/\/www.camping-keranterec.com\/de\/hebergement\/cottage-klassisch-komfortabel\/","title":{"rendered":"Der Klassische Komfort"},"content":{"rendered":"\n<div class=\"is-layout-constrained wp-block-group\">\n<p>Charmantes, 30 m\u00b2 gro\u00dfes Mobilheim, neu und schlicht aus der GAMME CONFORT, ideal f\u00fcr einen komfortablen Urlaub.<br\/>Das Elternschlafzimmer ist mit einem Bett (140 \u00d7 190 cm) ausgestattet. Das andere Schlafzimmer hat zwei Einzelbetten (80\u00d7190). Das Badezimmer und das WC sind getrennt.<br\/>Das Wohnzimmer mit K\u00fcche ist praktisch und funktional ausgestattet mit K\u00fchlschrank, Gasherd, Mikrowelle, Kaffeemaschine und Fernseher. Im Au\u00dfenbereich finden Sie eine ger\u00e4umige Terrasse mit einem Kohlegrill und Gartenm\u00f6beln f\u00fcr gemeinsame Momente mit der Familie oder mit Freunden.<\/p>\n\n\n\n<div class=\"is-layout-flex wp-block-buttons\">\n<div class=\"wp-block-button fancybox\"><a class=\"wp-block-button__link wp-element-button\" href=\"https:\/\/www.camping-keranterec.com\/wp-content\/uploads\/2023\/09\/cottage-2-classique-plan.jpg\">Siehe Plan<\/a><\/div>\n\n\n\n<div class=\"wp-block-button fc-style-1\"><a class=\"wp-block-button__link wp-element-button\" href=\"https:\/\/www.camping-keranterec.com\/wp-content\/uploads\/2023\/09\/cottage-le-classique-1.pdf\" target=\"_blank\" rel=\"noreferrer noopener\">Siehe Inventar<\/a><\/div>\n<\/div>\n<\/div>\n","protected":false},"template":"","acf":[],"_links":{"self":[{"href":"https:\/\/www.camping-keranterec.com\/de\/wp-json\/wp\/v2\/hebergement\/3515"}],"collection":[{"href":"https:\/\/www.camping-keranterec.com\/de\/wp-json\/wp\/v2\/hebergement"}],"about":[{"href":"https:\/\/www.camping-keranterec.com\/de\/wp-json\/wp\/v2\/types\/hebergement"}],"version-history":[{"count":3,"href":"https:\/\/www.camping-keranterec.com\/de\/wp-json\/wp\/v2\/hebergement\/3515\/revisions"}],"predecessor-version":[{"id":5653,"href":"https:\/\/www.camping-keranterec.com\/de\/wp-json\/wp\/v2\/hebergement\/3515\/revisions\/5653"}],"wp:attachment":[{"href":"https:\/\/www.camping-keranterec.com\/de\/wp-json\/wp\/v2\/media?parent=3515"}],"curies":[{"name":"wp","href":"https:\/\/api.w.org\/{rel}","templated":true}]}}

<div class="is-layout-constrained wp-block-group">
<p>Charmantes, 30 m² großes Mobilheim, neu und schlicht aus der GAMME CONFORT, ideal für einen komfortablen Urlaub.<br/>Das Elternschlafzimmer ist mit einem Bett (140 × 190 cm) ausgestattet. Das andere Schlafzimmer hat zwei Einzelbetten (80×190). Das Badezimmer und das WC sind getrennt.<br/>Das Wohnzimmer mit Küche ist praktisch und funktional ausgestattet mit Kühlschrank, Gasherd, Mikrowelle, Kaffeemaschine und Fernseher. Im Außenbereich finden Sie eine geräumige Terrasse mit einem Kohlegrill und Gartenmöbeln für gemeinsame Momente mit der Familie oder mit Freunden.</p>



<div class="is-layout-flex wp-block-buttons">
<div class="wp-block-button fancybox"><a class="wp-block-button__link wp-element-button" href="https://www.camping-keranterec.com/wp-content/uploads/2023/09/cottage-2-classique-plan.jpg">Siehe Plan</a></div>



<div class="wp-block-button fc-style-1"><a class="wp-block-button__link wp-element-button" href="https://www.camping-keranterec.com/wp-content/uploads/2023/09/cottage-le-classique-1.pdf" target="_blank" rel="noreferrer noopener">Siehe Inventar</a></div>
</div>
</div>
