{"id":3393,"date":"2023-11-23T10:03:41","date_gmt":"2023-11-23T09:03:41","guid":{"rendered":"https:\/\/www.camping-keranterec.com\/hebergement\/cottage-six-komfort\/"},"modified":"2026-01-28T12:20:51","modified_gmt":"2026-01-28T11:20:51","slug":"cottage-six-komfort","status":"publish","type":"hebergement","link":"https:\/\/www.camping-keranterec.com\/de\/hebergement\/cottage-six-komfort\/","title":{"rendered":"Le Six Komfort"},"content":{"rendered":"\n<div class=\"is-layout-flow wp-block-group\">\n<p>Sie werden die gro\u00dfz\u00fcgigen R\u00e4ume des Cottage &#8222;Le Six&#8220; zu sch\u00e4tzen wissen. KOMFORT-SERIE.<br\/>Hier finden Sie drei Schlafzimmer mit einer Fl\u00e4che von 32 m\u00b2.<br\/>Eines davon ist mit einem Bett (140 \u00d7 190 cm) ausgestattet, die beiden anderen mit zwei Einzelbetten (80 \u00d7 190 cm).<br\/>Das Badezimmer dieses Cottages verf\u00fcgt \u00fcber eine Dusche und ein Waschbecken.<br\/>Separates WC.<br\/>Ein ger\u00e4umiges Wohnzimmer mit Fernseher \u00f6ffnet sich zu einer gro\u00dfen Holzterrasse, die mit Gartenm\u00f6beln und einem Holzkohlegrill ausgestattet ist.<br\/><\/p>\n\n\n\n<div class=\"is-layout-flex wp-block-buttons\">\n<div class=\"wp-block-button fancybox\"><a class=\"wp-block-button__link wp-element-button\" href=\"https:\/\/www.camping-keranterec.com\/wp-content\/uploads\/2023\/11\/vacances-tamaris-19-01-implantation-noir-1024x522-1.png\">Siehe Plan<\/a><\/div>\n<\/div>\n<\/div>\n","protected":false},"template":"","acf":[],"_links":{"self":[{"href":"https:\/\/www.camping-keranterec.com\/de\/wp-json\/wp\/v2\/hebergement\/3393"}],"collection":[{"href":"https:\/\/www.camping-keranterec.com\/de\/wp-json\/wp\/v2\/hebergement"}],"about":[{"href":"https:\/\/www.camping-keranterec.com\/de\/wp-json\/wp\/v2\/types\/hebergement"}],"version-history":[{"count":5,"href":"https:\/\/www.camping-keranterec.com\/de\/wp-json\/wp\/v2\/hebergement\/3393\/revisions"}],"predecessor-version":[{"id":5638,"href":"https:\/\/www.camping-keranterec.com\/de\/wp-json\/wp\/v2\/hebergement\/3393\/revisions\/5638"}],"wp:attachment":[{"href":"https:\/\/www.camping-keranterec.com\/de\/wp-json\/wp\/v2\/media?parent=3393"}],"curies":[{"name":"wp","href":"https:\/\/api.w.org\/{rel}","templated":true}]}}

<div class="is-layout-flow wp-block-group">
<p>Sie werden die großzügigen Räume des Cottage &#8222;Le Six&#8220; zu schätzen wissen. KOMFORT-SERIE.<br/>Hier finden Sie drei Schlafzimmer mit einer Fläche von 32 m².<br/>Eines davon ist mit einem Bett (140 × 190 cm) ausgestattet, die beiden anderen mit zwei Einzelbetten (80 × 190 cm).<br/>Das Badezimmer dieses Cottages verfügt über eine Dusche und ein Waschbecken.<br/>Separates WC.<br/>Ein geräumiges Wohnzimmer mit Fernseher öffnet sich zu einer großen Holzterrasse, die mit Gartenmöbeln und einem Holzkohlegrill ausgestattet ist.<br/></p>



<div class="is-layout-flex wp-block-buttons">
<div class="wp-block-button fancybox"><a class="wp-block-button__link wp-element-button" href="https://www.camping-keranterec.com/wp-content/uploads/2023/11/vacances-tamaris-19-01-implantation-noir-1024x522-1.png">Siehe Plan</a></div>
</div>
</div>
